 n = -857 - v. What are the prime factors of n?
2, 5
Let p = 18 - 14. Suppose o + o = -2*f + p, -5*o = -2*f + 11. Suppose f*n - 46 = 200. What are the prime factors of n?
2, 41
Suppose -3*k + 0*n + 134 = -5*n, 4*k - 4*n = 168. Suppose -5*q = 4*s - 3044, -k*s + 35*s - 5*q + 2288 = 0. List the prime factors of s.
2, 3, 7
Suppose -7742 = -156*s + 152*s - 3*m, m - 5799 = -3*s. List the prime factors of s.
1931
Let c(q) = -q**3 + 19*q**2 + 5. Let y be c(19). Let l(i) = 10*i**2 + i - 18. Let o be l(y). Suppose -2*f + o = -87. List the prime factors of f.
2, 3
Let s be 0*(-2)/(-12)*(2 + -5). Let w be 154/11*((s - -1) + 0). Let k = w - -27. List the prime factors of k.
41
Let h(p) = -6*p + 156. Let b be h(30). List the prime factors of (-4 + -736)*6/b.
5, 37
What are the prime factors of 22564185/735 - (-6)/14?
2, 5, 307
Let c(s) = s**3 + s - 37. Let z be c(0). Let n = 38 + z. List the prime factors of (21/(-15) + n)*-170.
2, 17
Suppose d = -5, 3*t - 45 = -2*d - d. Let z = 22 - t. Suppose -307 = -z*v - 5*r, 0*v - 4*v + 584 = 4*r. What are the prime factors of v?
3, 47
What are the prime factors of 0 + 4502 + -1 + -34 + (-150)/(-5)?
3, 1499
Let b = -862 + 363. Let d = 986 + b. List the prime factors of d.
487
Suppose 2*r + y = 9, -5*y = r - 6*r. Suppose 5*j - 1228 = -4*d, -5 + r = -d. List the prime factors of j.
2, 61
Let d be (-34)/(-9) - 4*(-3)/54. Suppose -3*v + 2169 = -4*g, 4*v + d*g + 1137 = 4029. What are the prime factors of v?
3, 241
Let t be (-99)/(-22)*(-3)/((-9)/158). Let j(m) = 0 + t*m + 2 - 212*m. List the prime factors of j(2).
2, 13
List the prime factors of (1929/5 + -1)/(5/(-500)*-8).
2, 5, 13, 37
Let q(l) = l**2 - 21*l + 121. Let r be q(10). Suppose 118 = -r*k + 2461. List the prime factors of k.
3, 71
List the prime factors of (15 - 18)/((-3)/38699).
38699
Let c = 76258 + -52721. What are the prime factors of c?
23537
Let j(o) = -153*o + 2. Let f(q) = -76*q + 4. Let l(v) = 76*v - 3. Let w(y) = 2*f(y) + 3*l(y). Let m(a) = -3*j(a) - 5*w(a). What are the prime factors of m(2)?
157
Let g(p) = p**3 + 5*p**2 - p + 4. Let k be g(-5). Suppose -2*f + k = 5. Suppose 574 = 5*y + f*y. What are the prime factors of y?
2, 41
Let p(x) = -12*x**3 - 3*x**2 - 5*x - 8. Let g be p(-3). Suppose -3*k + g + 443 = 0. List the prime factors of k.
3, 83
Let g(w) be the third derivative of w**7/280 + w**6/120 + w**5/40 - 5*w**4/6 - w**2. Let t(k) be the second derivative of g(k). List the prime factors of t(4).
3, 19
Let o = 4118 - 1003. List the prime factors of o.
5, 7, 89
Suppose 5*q - 20 = 5*s, q + 4*q - 16 = 3*s. Suppose q*r + 2 = -2*t, r = -t - t + 3. Suppose 4 = -t*o + 5*o. List the prime factors of o.
2
Let y = -8720 + 11741. What are the prime factors of y?
3, 19, 53
Let z(m) = 2*m**3 + 149*m**2 - 133*m + 136. What are the prime factors of z(-73)?
2, 3229
Suppose 23*b - 30906 = 5*b. Suppose 0 = -5*h - 5*n + 2*n + b, 2*n = h - 346. List the prime factors of h.
2, 43
Let c = -78 - -191. Suppose 12039 = 232*i - 1877 - 2092. Let q = c - i. List the prime factors of q.
2, 11
Let b(r) = 502*r**2 - 253*r - 1022. List the prime factors of b(-4).
2, 3, 7, 191
Let z(m) = m + 359*m**3 - m**2 - 216*m**3 - 1 + 338*m**3. Let h be z(1). Suppose -9*l + h - 30 = 0. List the prime factors of l.
2, 5
Let k = 61458 + -43230. List the prime factors of k.
2, 3, 7, 31
Suppose 2*w - o + 0 - 10 = 0, -4*w + 16 = -o. Let p(q) = -22 + 89*q + 55*q - 55*q. What are the prime factors of p(w)?
5, 7
Let m = -979 + 636. Let r = -147 - m. What are the prime factors of r?
2, 7
Let d be (-3 - (-36)/20)/((-3)/9525). Suppose 4*z = w - 1287, 2*w - 5*w - 5*z = -d. What are the prime factors of w?
3, 5, 17
List the prime factors of (44/12 - 3) + (-11002204)/(-201).
2, 3, 3041
Suppose 3*o + 7152 = 9*o. Suppose -o = -4*v - l, -5*v - 15 = -4*l - 1526. List the prime factors of v.
13, 23
Let q = 13850 + -8151. List the prime factors of q.
41, 139
Let a(h) = 10*h**3 - 4*h**2 + 21*h - 8. Let s(v) = 11*v**3 - 2*v**2 + 22*v - 9. Let r(y) = 7*a(y) - 6*s(y). What are the prime factors of r(6)?
2, 47
Suppose 9*h - 13*h = -12. Let q = h - -2. Suppose -17*n = -q*n - 2172. List the prime factors of n.
181
Let k be (2 - (0 - -1))*6415/(-5). Let n = k - -2275. Suppose i - 2*i + 272 = -5*s, 4*i + 4*s - n = 0. What are the prime factors of i?
2, 3, 7
Let j = -6789 + 27423. What are the prime factors of j?
2, 3, 19, 181
Let u(y) = y**2 - 113*y + 1893. List the prime factors of u(108).
3, 11, 41
Suppose 2*c - 3*u = 11550, 23104 = 4*c + 53*u - 58*u. List the prime factors of c.
3, 41, 47
Suppose -4*u = -m + 3545, -12*u = -2*m - 8*u + 7098. List the prime factors of m.
11, 17, 19
Suppose 13*k - 430254 = 9*k - 29*k. List the prime factors of k.
2, 3, 41, 53
Suppose 4*n + 3*g - 168 = -n, 5*g = 3*n - 128. What are the prime factors of ((n/(-15))/(-6))/(1/590)?
2, 59
Let c(i) = -13*i - 80. Let w be c(-8). Let t(p) = -2*p**2 + 53*p - 58. What are the prime factors of t(w)?
2, 31
Let q(d) = -55*d - 1073 + 2*d**2 + 1077 - 3*d**2. List the prime factors of q(-39).
2, 157
Suppose 0 = 137*h - 134*h. Suppose q + 3 = 2*q, h = l - 2*q - 307. What are the prime factors of l?
313
Let p(y) = -121*y + 11670. List the prime factors of p(0).
2, 3, 5, 389
Suppose 4 = -4*s + 3*b, -2*s + 2*b - 4*b + 12 = 0. Suppose -13*f - 2468 = -17*f + 5*w, -s*f = w - 1234. List the prime factors of f.
617
Suppose -7 = 3*m - 28. Suppose -m*z + 9*z = 870. Suppose z = 11*p + 105. List the prime factors of p.
2, 3, 5
Let y = -226 - -328. Let x = 37 + y. Suppose 39 = q - x. List the prime factors of q.
2, 89
Suppose 23028 = 3*l + 2*k - 51059, 24719 = l + 4*k. List the prime factors of l.
24691
Suppose -5*c = -m + 6117, 2*c + 24504 = 9*m - 5*m. What are the prime factors of m?
11, 557
Suppose -79 = -v + 11. Let g = 230 + -94. Let l = g - v. List the prime factors of l.
2, 23
Suppose 18145 = 4*r - 3*a + 3575, -r = -2*a - 3645. Suppose 5*i - w = 4556, -53*w - r = -4*i - 56*w. List the prime factors of i.
911
Let y(g) be the second derivative of -g**5/20 + 2*g**4/3 - 4*g**3/3 + 3*g**2 - 8*g. Let d be y(6). Suppose d = x - 111. What are the prime factors of x?
3, 47
Suppose -4*g - 658 = 1102. List the prime factors of (-24)/56 - g/14.
31
Suppose 4*b + 3*y + 2840 = 0, -2*b - 1210 - 224 = -2*y. Let h = -330 - b. What are the prime factors of h?
383
Suppose 261 = 3*b - 0*c - 3*c, 5*b - 2*c = 420. Suppose 84*z - b*z - 792 = 0. What are the prime factors of z?
2, 3, 11
Suppose 207*l + 574598 = 5978348 - 184659. What are the prime factors of l?
19, 1327
Let g be (17 - 12)/((-2)/(-362)). Suppose -6*w = -151 - g. What are the prime factors of w?
2, 11
Let z = -369 - -367. List the prime factors of (1/z)/(21/(-14994)).
3, 7, 17
Let l(w) = 16*w**3 - 11*w**2 - 3*w + 9. List the prime factors of l(1).
11
Suppose 34*q - 14*q = 161660. List the prime factors of q.
59, 137
Let a = -30889 + 61863. List the prime factors of a.
2, 17, 911
Suppose -47*p = -43*p + 12. Let d(k) = k**2 + 3*k. Let s be d(p). What are the prime factors of ((-5)/10 + s)*-346?
173
Let b(p) = -p**2 + 5*p - 2. Let l be b(3). Let y be (-11858)/33*(1 - l). List the prime factors of ((y/21)/(-11))/(4/(-138)).
7, 23
Let z = -156 + 124. What are the prime factors of 1/4 - (1 - (-24600)/z)?
2, 3
Let z(a) = 5192*a**2 - 36*a - 1. List the prime factors of z(-1).
5227
Let u(m) = m**3 + 7*m**2 + 8*m + 12. Let s be u(-6). Suppose -4*z - 13 + 9 = s. List the prime factors of 93 + z*0/4.
3, 31
List the prime factors of ((-477680)/(-32) + -30)*2*2.
2, 5, 59, 101
Let j(o) = 462*o**2 - 244*o + 8. List the prime factors of j(-6).
2, 31, 73
Let d be (-40 - 7)*(-2 + 0 + 1). Let b = 120 - d. List the prime factors of b.
73
Let v = -15028 - -10016. Let f = -2999 - v. List the prime factors of f.
3, 11, 61
Suppose 7*i + 4*v = 6*i + 15, 0 = 2*v - 6. Suppose o - 2*y - 4 = 171, -i*o + 2*y + 525 = 0. List the prime factors of o.
5, 7
Let v(o) = -594*o + 4103. What are the prime factors of v(-16)?
11, 1237
Suppose 6*d = 2*d + 5*n - 7, 2*n = d + 4. Suppose 3*p = -p. Suppose s + 2*w - 76 = p, -s + d*w + 73 = 5*w. List the prime factors of s.
2, 41
Let p(v) = 860*v**3 + 5*v**2 - 37*v + 68. List the prime factors of p(2).
2, 3, 383
Let n(w) be the second derivative of w**6/360 - w**4/12 + 14*w**3/3 + 20*w. Let m(u) be the secon